{"id":88922,"date":"2024-05-20T19:31:42","date_gmt":"2024-05-21T01:31:42","guid":{"rendered":"https:\/\/demo.cuevano.mx\/altbic\/contact-us-3\/"},"modified":"2024-09-01T22:15:08","modified_gmt":"2024-09-02T04:15:08","slug":"send-rfp","status":"publish","type":"page","link":"https:\/\/demo.cuevano.mx\/altbic\/send-rfp\/","title":{"rendered":"Send RFP"},"content":{"rendered":"\t\t<div data-elementor-type=\"wp-page\" data-elementor-id=\"88922\" class=\"elementor elementor-88922\">\n\t\t\t\t\t\t<section class=\"elementor-section elementor-top-section elementor-element elementor-element-0d3bc5a elementor-section-full_width elementor-section-height-default elementor-section-height-default\" data-id=\"0d3bc5a\" data-element_type=\"section\" data-e-type=\"section\" data-settings=\"{&quot;background_background&quot;:&quot;classic&quot;}\">\n\t\t\t\t\t\t<div class=\"elementor-container elementor-column-gap-no\">\n\t\t\t\t\t<div class=\"elementor-column elementor-col-50 elementor-top-column elementor-element elementor-element-8dea69f\" data-id=\"8dea69f\" data-element_type=\"column\" data-e-type=\"column\" data-settings=\"{&quot;background_background&quot;:&quot;classic&quot;}\">\n\t\t\t<div class=\"elementor-widget-wrap elementor-element-populated\">\n\t\t\t\t\t\t<div class=\"elementor-element elementor-element-af6f0a1 elementor-widget elementor-widget-leroux_core_section_title\" data-id=\"af6f0a1\" data-element_type=\"widget\" data-e-type=\"widget\" data-widget_type=\"leroux_core_section_title.default\">\n\t\t\t\t<div class=\"elementor-widget-container\">\n\t\t\t\t\t<div class=\"qodef-shortcode qodef-m  qodef-section-title qodef-alignment--left \">\n\t\t<h1 class=\"qodef-m-title\" style=\"--qodef-title-emphasized-words-color: #0DCDDC\">\n\t\t\t\t\tHablemos de <span class=\"qodef-special-style\">crecer<\/span> <span class=\"qodef-special-style\">juntos.<\/span>\t\t\t<\/h1>\n\t<\/div>\n\t\t\t\t<\/div>\n\t\t\t\t<\/div>\n\t\t\t\t<div class=\"elementor-element elementor-element-5ec6817 elementor-widget elementor-widget-text-editor\" data-id=\"5ec6817\" data-element_type=\"widget\" data-e-type=\"widget\" data-widget_type=\"text-editor.default\">\n\t\t\t\t<div class=\"elementor-widget-container\">\n\t\t\t\t\t\t\t\t\t<p>Gracias por el inter\u00e9s en nuestros servicios. <strong>El trabajo que realizamos busca contribuir al \u00e9xito de su empresa.<\/strong><\/p>\n<p>Le invitamos a llenar la siguiente solicitud para conocer mejor\u00a0 su negocio y poder crear una relaci\u00f3n m\u00e1s estrecha con su organizaci\u00f3n.<\/p>\n<p>Para completar la solicitud, son necesarios los campos marcados con un asterisco (*), los dem\u00e1s ser\u00e1n recabados para prop\u00f3sitos de la misma.<\/p>\n<p>En caso de considerarlo necesario, adjunte los archivos que puedan ayudarnos a conocer m\u00e1s a fondo su organizaci\u00f3n.<\/p>\n<p>Si desea otro tipo de consulta con nuestro equipo, dir\u00edjase al apartado <a style=\"color: #0dcddc;\" href=\"https:\/\/demo.cuevano.mx\/altbic\/contact-us\">CONTACT US<\/a><\/p>\t\t\t\t\t\t\t\t<\/div>\n\t\t\t\t<\/div>\n\t\t\t\t<div class=\"elementor-element elementor-element-2dade16 elementor-widget elementor-widget-wp-widget-leroux_core_contact_form_7\" data-id=\"2dade16\" data-element_type=\"widget\" data-e-type=\"widget\" data-widget_type=\"wp-widget-leroux_core_contact_form_7.default\">\n\t\t\t\t<div class=\"elementor-widget-container\">\n\t\t\t\t\t\t\t\t<div class=\"qodef-contact-form-7\">\n\t\t\t\t\n<div class=\"wpcf7 no-js\" id=\"wpcf7-f88845-o1\" lang=\"en-US\" dir=\"ltr\" data-wpcf7-id=\"88845\">\n<div class=\"screen-reader-response\"><p role=\"status\" aria-live=\"polite\" aria-atomic=\"true\"><\/p> <ul><\/ul><\/div>\n<form action=\"\/altbic\/wp-json\/wp\/v2\/pages\/88922#wpcf7-f88845-o1\" method=\"post\" class=\"wpcf7-form init wpcf7-acceptance-as-validation\" aria-label=\"Contact form\" enctype=\"multipart\/form-data\" novalidate=\"novalidate\" data-status=\"init\">\n<fieldset class=\"hidden-fields-container\"><input type=\"hidden\" name=\"_wpcf7\" value=\"88845\" \/><input type=\"hidden\" name=\"_wpcf7_version\" value=\"6.1.5\" \/><input type=\"hidden\" name=\"_wpcf7_locale\" value=\"en_US\" \/><input type=\"hidden\" name=\"_wpcf7_unit_tag\" value=\"wpcf7-f88845-o1\" \/><input type=\"hidden\" name=\"_wpcf7_container_post\" value=\"0\" \/><input type=\"hidden\" name=\"_wpcf7_posted_data_hash\" value=\"\" \/><input type=\"hidden\" name=\"_wpcf7_recaptcha_response\" value=\"\" \/>\n<\/fieldset>\n<div class=\"qodef-main-form qodef-layout--columns qodef-cf7-skin--light\">\n\n<div class=\"qodef-cf7-columns\">\n<div class=\"qodef-input-holder\">\n<span class=\"wpcf7-form-control-wrap\" data-name=\"your-title\"><input size=\"40\" maxlength=\"400\" class=\"wpcf7-form-control wpcf7-text wpcf7-validates-as-required\" aria-required=\"true\" aria-invalid=\"false\" placeholder=\"T\u00edtulo\" value=\"\" type=\"text\" name=\"your-title\" \/><\/span>\n<\/div>\n<div class=\"qodef-input-holder\">\n<span class=\"wpcf7-form-control-wrap\" data-name=\"your-job-title\"><input size=\"40\" maxlength=\"400\" class=\"wpcf7-form-control wpcf7-text wpcf7-validates-as-required\" aria-required=\"true\" aria-invalid=\"false\" placeholder=\"Puesto\" value=\"\" type=\"text\" name=\"your-job-title\" \/><\/span>\n<\/div>\n<\/div>\n\n<div class=\"qodef-cf7-columns\">\n<div class=\"qodef-input-holder\">\n<span class=\"wpcf7-form-control-wrap\" data-name=\"your-name\"><input size=\"40\" maxlength=\"400\" class=\"wpcf7-form-control wpcf7-text wpcf7-validates-as-required\" aria-required=\"true\" aria-invalid=\"false\" placeholder=\"Nombre\" value=\"\" type=\"text\" name=\"your-name\" \/><\/span>\n<\/div>\n<div class=\"qodef-input-holder\">\n<span class=\"wpcf7-form-control-wrap\" data-name=\"your-last-name\"><input size=\"40\" maxlength=\"400\" class=\"wpcf7-form-control wpcf7-text wpcf7-validates-as-required\" aria-required=\"true\" aria-invalid=\"false\" placeholder=\"Apellido\" value=\"\" type=\"text\" name=\"your-last-name\" \/><\/span>\n<\/div>\n<\/div>\n\n<div class=\"qodef-cf7-columns\">\n<div class=\"qodef-input-holder\">\n<span class=\"wpcf7-form-control-wrap\" data-name=\"your-email\"><input size=\"40\" maxlength=\"400\" class=\"wpcf7-form-control wpcf7-email wpcf7-validates-as-required wpcf7-text wpcf7-validates-as-email\" aria-required=\"true\" aria-invalid=\"false\" placeholder=\"E-mail\" value=\"\" type=\"email\" name=\"your-email\" \/><\/span>\n<\/div>\n<div class=\"qodef-input-holder\">\n<span class=\"wpcf7-form-control-wrap\" data-name=\"your-company\"><input size=\"40\" maxlength=\"400\" class=\"wpcf7-form-control wpcf7-text wpcf7-validates-as-required\" aria-required=\"true\" aria-invalid=\"false\" placeholder=\"Compa\u00f1\u00eda\" value=\"\" type=\"text\" name=\"your-company\" \/><\/span>\n<\/div>\n<\/div>\n\n<div class=\"qodef-cf7-columns\">\n<div class=\"qodef-input-holder\">\n<span class=\"wpcf7-form-control-wrap\" data-name=\"your-location\"><input size=\"40\" maxlength=\"400\" class=\"wpcf7-form-control wpcf7-text wpcf7-validates-as-required\" aria-required=\"true\" aria-invalid=\"false\" placeholder=\"Ubicaci\u00f3n de la Compa\u00f1\u00eda\" value=\"\" type=\"text\" name=\"your-location\" \/><\/span>\n<\/div>\n<div class=\"qodef-input-holder\">\n<span class=\"wpcf7-form-control-wrap\" data-name=\"your-cellphone\"><input size=\"40\" maxlength=\"400\" class=\"wpcf7-form-control wpcf7-tel wpcf7-validates-as-required wpcf7-text wpcf7-validates-as-tel\" aria-required=\"true\" aria-invalid=\"false\" placeholder=\"Tel\u00e9fono celular\" value=\"\" type=\"tel\" name=\"your-cellphone\" \/><\/span>\n<\/div>\n<\/div>\n\n<div class=\"qodef-cf7-columns\">\n<div class=\"qodef-input-holder\">\n<span class=\"wpcf7-form-control-wrap\" data-name=\"your-telephone\"><input size=\"40\" maxlength=\"400\" class=\"wpcf7-form-control wpcf7-tel wpcf7-validates-as-required wpcf7-text wpcf7-validates-as-tel\" aria-required=\"true\" aria-invalid=\"false\" placeholder=\"Tel\u00e9fono oficina\" value=\"\" type=\"tel\" name=\"your-telephone\" \/><\/span>\n<\/div>\n<div class=\"qodef-input-holder\"><\/div>\n<\/div>\n<br\/>\n\n<div class=\"qodef-cf7-columns\">\n<div class=\"qodef-input-holder\">\n<label class=\"form-label\">Industria a la que perteneces<\/label> \n<span class=\"wpcf7-form-control-wrap\" data-name=\"menu-940\"><select class=\"wpcf7-form-control wpcf7-select wpcf7-validates-as-required select-send-rfp\" aria-required=\"true\" aria-invalid=\"false\" name=\"menu-940\"><option value=\"Agronegocios\">Agronegocios<\/option><option value=\"Alta tecnolog\u00eda\">Alta tecnolog\u00eda<\/option><option value=\"Aseguradoras\">Aseguradoras<\/option><option value=\"Automotriz\">Automotriz<\/option><option value=\"Bienes personales y del hogar\">Bienes personales y del hogar<\/option><option value=\"Construcci\u00f3n\">Construcci\u00f3n<\/option><option value=\"Cuero y Calzado\">Cuero y Calzado<\/option><option value=\"Educaci\u00f3n p\u00fablica y privada\">Educaci\u00f3n p\u00fablica y privada<\/option><option value=\"Emprendimiento\">Emprendimiento<\/option><option value=\"Franquicias\">Franquicias<\/option><option value=\"Hipercrecimiento\">Hipercrecimiento<\/option><option value=\"Industria manufacturera\">Industria manufacturera<\/option><option value=\"Minoristas\">Minoristas<\/option><option value=\"Organizaciones sin fines de lucro\">Organizaciones sin fines de lucro<\/option><option value=\"Proveedores de atenci\u00f3n m\u00e9dica\">Proveedores de atenci\u00f3n m\u00e9dica<\/option><option value=\"Salud p\u00fablica\">Salud p\u00fablica<\/option><option value=\"Sector agropecuario\">Sector agropecuario<\/option><option value=\"Sector p\u00fablico y gobierno\">Sector p\u00fablico y gobierno<\/option><option value=\"Sector salud\">Sector salud<\/option><\/select><\/span>\n<\/div>\n<div class=\"qodef-input-holder\">\n<label class=\"form-label\">N\u00famero de empleados<\/label> \n<span class=\"wpcf7-form-control-wrap\" data-name=\"menu-368\"><select class=\"wpcf7-form-control wpcf7-select wpcf7-validates-as-required select-send-rfp\" aria-required=\"true\" aria-invalid=\"false\" name=\"menu-368\"><option value=\"1 - 10 empleados\">1 - 10 empleados<\/option><option value=\"10 - 50 empleados\">10 - 50 empleados<\/option><option value=\"50 - 100 empleados\">50 - 100 empleados<\/option><option value=\"m\u00e1s de 100 empleados\">m\u00e1s de 100 empleados<\/option><\/select><\/span>\n<\/div>\n<\/div>\n\n\n<div class=\"qodef-cf7-columns\">\n<div class=\"qodef-input-holder container-input\">\n<span class=\"wpcf7-form-control-wrap\" data-name=\"your-file\"><input size=\"40\" class=\"wpcf7-form-control wpcf7-file wpcf7-validates-as-required inputfile inputfile-1\" id=\"your-file\" accept=\".pdf,.txt,.xls,.xlsx,.zip,.doc,.docx,.ppt,.pptx\" aria-required=\"true\" aria-invalid=\"false\" type=\"file\" name=\"your-file\" \/><\/span>\n<label class=\"inputfile-label\" style=\"font-size: 15px;\" for=\"your-file\">\n<svg xmlns=\"http:\/\/www.w3.org\/2000\/svg\" class=\"iborrainputfile\" width=\"20\" height=\"17\" viewBox=\"0 0 20 17\"><path d=\"M10 0l-5.2 4.9h3.3v5.1h3.8v-5.1h3.3l-5.2-4.9zm9.3 11.5l-3.2-2.1h-2l3.4 2.6h-3.5c-.1 0-.2.1-.2.1l-.8 2.3h-6l-.8-2.2c-.1-.1-.1-.2-.2-.2h-3.6l3.4-2.6h-2l-3.2 2.1c-.4.3-.7 1-.6 1.5l.6 3.1c.1.5.7.9 1.2.9h16.3c.6 0 1.1-.4 1.3-.9l.6-3.1c.1-.5-.2-1.2-.7-1.5z\"><\/path><\/svg>\n<span class=\"iborrainputfile iborralabelfile\">Seleccionar archivo<\/span>\n<\/label>\n<\/div>\n\n<div class=\"qodef-input-holder container-input\">\n<label style=\"color:#fff; font-size: 15px;\">* Favor de considerar: el peso total de su(s) anexos no debe exceder los 10 MB. <\/label>\n<label style=\"color:#fff; font-size: 15px;\">Los formatos de documentos apropiados son: \".doc\", \".pdf\", \".ppt\", \".txt\", \".xlsx\" y \"zip\". <\/label>\n<\/div>\n\n<\/div>\n<div class=\"qodef-input-holder\">\n\n<span class=\"wpcf7-form-control-wrap\" data-name=\"your-message\"><textarea cols=\"40\" rows=\"5\" maxlength=\"2000\" class=\"wpcf7-form-control wpcf7-textarea\" aria-invalid=\"false\" placeholder=\"Mensaje\" name=\"your-message\"><\/textarea><\/span>\n\n<\/div>\n\n<div class=\"qodef-input-holder\">\n\n<span class=\"wpcf7-form-control-wrap\" data-name=\"acceptance-601\"><span class=\"wpcf7-form-control wpcf7-acceptance\"><span class=\"wpcf7-list-item\"><label><input type=\"checkbox\" name=\"acceptance-601\" value=\"1\" aria-invalid=\"false\" \/><span class=\"wpcf7-list-item-label\"><span style=\"font-size: 15px;\">Acepto <a target=\"_blank\" href=\"https:\/\/demo.cuevano.mx\/altbic\/terms-and-conditions\/\">t\u00e9rminos<\/a> y <a target=\"_blank\" href=\"https:\/\/demo.cuevano.mx\/altbic\/privacy-policy\/\">aviso de privacidad<\/a><\/span>.<\/span><\/label><\/span><\/span><\/span>\n\n<\/div>\n\n\n<button class=\"wpcf7-form-control wpcf7-submit qodef-button qodef-size--normal qodef-layout--filled qodef-m\" type=\"submit\"><span class=\"qodef-m-text\">Enviar<\/span><span class=\"qodef-m-arrow\"><svg class=\"qodef-svg--button-arrow\" xmlns=\"http:\/\/www.w3.org\/2000\/svg\" width=\"10\" height=\"10\" viewBox=\"0 0 9.8 9.8\"><g><path d=\"m.4 9.4 9-9\"\/><path d=\"M.4.5h8.9\"\/><path d=\"M9.3 9.4V.5\"\/><\/g><g><path d=\"m.4 9.4 9-9\"\/><path d=\"M.4.5h8.9\"\/><path d=\"M9.3 9.4V.5\"\/><\/g><\/svg><\/span><\/button>\n\n<\/div><p style=\"display: none !important;\" class=\"akismet-fields-container\" data-prefix=\"_wpcf7_ak_\"><label>&#916;<textarea name=\"_wpcf7_ak_hp_textarea\" cols=\"45\" rows=\"8\" maxlength=\"100\"><\/textarea><\/label><input type=\"hidden\" id=\"ak_js_1\" name=\"_wpcf7_ak_js\" value=\"69\"\/><script type=\"text\/javascript\">\n\/* <![CDATA[ *\/\ndocument.getElementById( \"ak_js_1\" ).setAttribute( \"value\", ( new Date() ).getTime() );\n\/* ]]> *\/\n<\/script>\n<\/p><div class=\"wpcf7-response-output\" aria-hidden=\"true\"><\/div>\n<\/form>\n<\/div>\n\t\t\t<\/div>\n\t\t\t\t\t\t\t<\/div>\n\t\t\t\t<\/div>\n\t\t\t\t\t<\/div>\n\t\t<\/div>\n\t\t\t\t<div class=\"elementor-column elementor-col-50 elementor-top-column elementor-element elementor-element-776cc43 qodef-sticky-column\" data-id=\"776cc43\" data-element_type=\"column\" data-e-type=\"column\" data-settings=\"{&quot;background_background&quot;:&quot;classic&quot;}\">\n\t\t\t<div class=\"elementor-widget-wrap elementor-element-populated\">\n\t\t\t\t\t\t<div class=\"elementor-element elementor-element-657824f elementor-widget elementor-widget-spacer\" data-id=\"657824f\" data-element_type=\"widget\" data-e-type=\"widget\" data-widget_type=\"spacer.default\">\n\t\t\t\t<div class=\"elementor-widget-container\">\n\t\t\t\t\t\t\t<div class=\"elementor-spacer\">\n\t\t\t<div class=\"elementor-spacer-inner\"><\/div>\n\t\t<\/div>\n\t\t\t\t\t\t<\/div>\n\t\t\t\t<\/div>\n\t\t\t\t\t<\/div>\n\t\t<\/div>\n\t\t\t\t\t<\/div>\n\t\t<\/section>\n\t\t\t\t<section class=\"elementor-section elementor-top-section elementor-element elementor-element-2df2d67 elementor-section-full_width elementor-section-height-min-height elementor-section-height-default elementor-section-items-middle\" data-id=\"2df2d67\" data-element_type=\"section\" data-e-type=\"section\">\n\t\t\t\t\t\t<div class=\"elementor-container elementor-column-gap-no\">\n\t\t\t\t\t<div class=\"elementor-column elementor-col-100 elementor-top-column elementor-element elementor-element-87b3961\" data-id=\"87b3961\" data-element_type=\"column\" data-e-type=\"column\">\n\t\t\t<div class=\"elementor-widget-wrap elementor-element-populated\">\n\t\t\t\t<div class=\"elementor-element elementor-element-b13f43c e-con-full e-flex e-con e-parent\" data-id=\"b13f43c\" data-element_type=\"container\" data-e-type=\"container\">\n\t\t\t\t<div class=\"elementor-element elementor-element-ad11f7a elementor-widget__width-inherit elementor-widget elementor-widget-html\" data-id=\"ad11f7a\" data-element_type=\"widget\" data-e-type=\"widget\" data-widget_type=\"html.default\">\n\t\t\t\t<div class=\"elementor-widget-container\">\n\t\t\t\t\t<iframe src=\"https:\/\/www.google.com\/maps\/embed?pb=!1m18!1m12!1m3!1d3721.062519968792!2d-101.67269382399917!3d21.149910083604915!2m3!1f0!2f0!3f0!3m2!1i1024!2i768!4f13.1!3m3!1m2!1s0x842bbf24fe1bde89%3A0xd217f8c34808ce83!2sTanc%C3%ADtaro%201329%2C%20San%20Jeronimo%20I%2C%2037204%20Le%C3%B3n%20de%20los%20Aldama%2C%20Gto.!5e0!3m2!1sen!2smx!4v1716243517638!5m2!1sen!2smx\" width=\"100%\" height=\"850\" style=\"border:0;\" allowfullscreen=\"\" loading=\"lazy\" referrerpolicy=\"no-referrer-when-downgrade\"><\/iframe>\t\t\t\t<\/div>\n\t\t\t\t<\/div>\n\t\t\t\t<\/div>\n\t\t\t\t\t<\/div>\n\t\t<\/div>\n\t\t\t\t\t<\/div>\n\t\t<\/section>\n\t\t\t\t<\/div>\n\t\t","protected":false},"excerpt":{"rendered":"<p>Hablemos de crecer juntos. Gracias por el inter\u00e9s en nuestros servicios. El trabajo que realizamos busca contribuir al \u00e9xito de su empresa. Le invitamos a llenar la siguiente solicitud para conocer mejor\u00a0 su negocio y poder crear una relaci\u00f3n m\u00e1s estrecha con su organizaci\u00f3n. Para completar la solicitud, son necesarios los campos marcados con un [&hellip;]<\/p>\n","protected":false},"author":3,"featured_media":0,"parent":0,"menu_order":0,"comment_status":"closed","ping_status":"closed","template":"page-full-width.php","meta":{"footnotes":""},"class_list":["post-88922","page","type-page","status-publish","hentry"],"yoast_head":"<!-- This site is optimized with the Yoast SEO plugin v27.5 - https:\/\/yoast.com\/product\/yoast-seo-wordpress\/ -->\n<title>Send RFP - altbic<\/title>\n<meta name=\"description\" content=\"Complete una solicitud para conocer mejor a su empresa para obtener soluciones estrat\u00e9gicas adaptadas a las necesidades de su negocio. Hablemos de crecer juntos.\" \/>\n<meta name=\"robots\" content=\"index, follow, max-snippet:-1, max-image-preview:large, max-video-preview:-1\" \/>\n<link rel=\"canonical\" href=\"https:\/\/demo.cuevano.mx\/altbic\/send-rfp\/\" \/>\n<meta property=\"og:locale\" content=\"es_ES\" \/>\n<meta property=\"og:type\" content=\"article\" \/>\n<meta property=\"og:title\" content=\"Send RFP - altbic\" \/>\n<meta property=\"og:description\" content=\"Complete una solicitud para conocer mejor a su empresa para obtener soluciones estrat\u00e9gicas adaptadas a las necesidades de su negocio. Hablemos de crecer juntos.\" \/>\n<meta property=\"og:url\" content=\"https:\/\/demo.cuevano.mx\/altbic\/send-rfp\/\" \/>\n<meta property=\"og:site_name\" content=\"altbic\" \/>\n<meta property=\"article:modified_time\" content=\"2024-09-02T04:15:08+00:00\" \/>\n<meta name=\"twitter:card\" content=\"summary_large_image\" \/>\n<meta name=\"twitter:label1\" content=\"Tiempo de lectura\" \/>\n\t<meta name=\"twitter:data1\" content=\"1 minuto\" \/>\n<script type=\"application\/ld+json\" class=\"yoast-schema-graph\">{\"@context\":\"https:\\\/\\\/schema.org\",\"@graph\":[{\"@type\":\"WebPage\",\"@id\":\"https:\\\/\\\/demo.cuevano.mx\\\/altbic\\\/send-rfp\\\/\",\"url\":\"https:\\\/\\\/demo.cuevano.mx\\\/altbic\\\/send-rfp\\\/\",\"name\":\"Send RFP - altbic\",\"isPartOf\":{\"@id\":\"https:\\\/\\\/demo.cuevano.mx\\\/altbic\\\/#website\"},\"datePublished\":\"2024-05-21T01:31:42+00:00\",\"dateModified\":\"2024-09-02T04:15:08+00:00\",\"description\":\"Complete una solicitud para conocer mejor a su empresa para obtener soluciones estrat\u00e9gicas adaptadas a las necesidades de su negocio. Hablemos de crecer juntos.\",\"breadcrumb\":{\"@id\":\"https:\\\/\\\/demo.cuevano.mx\\\/altbic\\\/send-rfp\\\/#breadcrumb\"},\"inLanguage\":\"es\",\"potentialAction\":[{\"@type\":\"ReadAction\",\"target\":[\"https:\\\/\\\/demo.cuevano.mx\\\/altbic\\\/send-rfp\\\/\"]}]},{\"@type\":\"BreadcrumbList\",\"@id\":\"https:\\\/\\\/demo.cuevano.mx\\\/altbic\\\/send-rfp\\\/#breadcrumb\",\"itemListElement\":[{\"@type\":\"ListItem\",\"position\":1,\"name\":\"Home\",\"item\":\"https:\\\/\\\/demo.cuevano.mx\\\/altbic\\\/\"},{\"@type\":\"ListItem\",\"position\":2,\"name\":\"Send RFP\"}]},{\"@type\":\"WebSite\",\"@id\":\"https:\\\/\\\/demo.cuevano.mx\\\/altbic\\\/#website\",\"url\":\"https:\\\/\\\/demo.cuevano.mx\\\/altbic\\\/\",\"name\":\"altbic\",\"description\":\"\",\"publisher\":{\"@id\":\"https:\\\/\\\/demo.cuevano.mx\\\/altbic\\\/#organization\"},\"potentialAction\":[{\"@type\":\"SearchAction\",\"target\":{\"@type\":\"EntryPoint\",\"urlTemplate\":\"https:\\\/\\\/demo.cuevano.mx\\\/altbic\\\/?s={search_term_string}\"},\"query-input\":{\"@type\":\"PropertyValueSpecification\",\"valueRequired\":true,\"valueName\":\"search_term_string\"}}],\"inLanguage\":\"es\"},{\"@type\":\"Organization\",\"@id\":\"https:\\\/\\\/demo.cuevano.mx\\\/altbic\\\/#organization\",\"name\":\"Altbic\",\"url\":\"https:\\\/\\\/demo.cuevano.mx\\\/altbic\\\/\",\"logo\":{\"@type\":\"ImageObject\",\"inLanguage\":\"es\",\"@id\":\"https:\\\/\\\/demo.cuevano.mx\\\/altbic\\\/#\\\/schema\\\/logo\\\/image\\\/\",\"url\":\"https:\\\/\\\/demo.cuevano.mx\\\/altbic\\\/wp-content\\\/uploads\\\/2023\\\/09\\\/cropped-Logo.png\",\"contentUrl\":\"https:\\\/\\\/demo.cuevano.mx\\\/altbic\\\/wp-content\\\/uploads\\\/2023\\\/09\\\/cropped-Logo.png\",\"width\":420,\"height\":136,\"caption\":\"Altbic\"},\"image\":{\"@id\":\"https:\\\/\\\/demo.cuevano.mx\\\/altbic\\\/#\\\/schema\\\/logo\\\/image\\\/\"},\"sameAs\":[\"https:\\\/\\\/www.instagram.com\\\/altbic\\\/\"]}]}<\/script>\n<!-- \/ Yoast SEO plugin. -->","yoast_head_json":{"title":"Send RFP - altbic","description":"Complete una solicitud para conocer mejor a su empresa para obtener soluciones estrat\u00e9gicas adaptadas a las necesidades de su negocio. Hablemos de crecer juntos.","robots":{"index":"index","follow":"follow","max-snippet":"max-snippet:-1","max-image-preview":"max-image-preview:large","max-video-preview":"max-video-preview:-1"},"canonical":"https:\/\/demo.cuevano.mx\/altbic\/send-rfp\/","og_locale":"es_ES","og_type":"article","og_title":"Send RFP - altbic","og_description":"Complete una solicitud para conocer mejor a su empresa para obtener soluciones estrat\u00e9gicas adaptadas a las necesidades de su negocio. Hablemos de crecer juntos.","og_url":"https:\/\/demo.cuevano.mx\/altbic\/send-rfp\/","og_site_name":"altbic","article_modified_time":"2024-09-02T04:15:08+00:00","twitter_card":"summary_large_image","twitter_misc":{"Tiempo de lectura":"1 minuto"},"schema":{"@context":"https:\/\/schema.org","@graph":[{"@type":"WebPage","@id":"https:\/\/demo.cuevano.mx\/altbic\/send-rfp\/","url":"https:\/\/demo.cuevano.mx\/altbic\/send-rfp\/","name":"Send RFP - altbic","isPartOf":{"@id":"https:\/\/demo.cuevano.mx\/altbic\/#website"},"datePublished":"2024-05-21T01:31:42+00:00","dateModified":"2024-09-02T04:15:08+00:00","description":"Complete una solicitud para conocer mejor a su empresa para obtener soluciones estrat\u00e9gicas adaptadas a las necesidades de su negocio. Hablemos de crecer juntos.","breadcrumb":{"@id":"https:\/\/demo.cuevano.mx\/altbic\/send-rfp\/#breadcrumb"},"inLanguage":"es","potentialAction":[{"@type":"ReadAction","target":["https:\/\/demo.cuevano.mx\/altbic\/send-rfp\/"]}]},{"@type":"BreadcrumbList","@id":"https:\/\/demo.cuevano.mx\/altbic\/send-rfp\/#breadcrumb","itemListElement":[{"@type":"ListItem","position":1,"name":"Home","item":"https:\/\/demo.cuevano.mx\/altbic\/"},{"@type":"ListItem","position":2,"name":"Send RFP"}]},{"@type":"WebSite","@id":"https:\/\/demo.cuevano.mx\/altbic\/#website","url":"https:\/\/demo.cuevano.mx\/altbic\/","name":"altbic","description":"","publisher":{"@id":"https:\/\/demo.cuevano.mx\/altbic\/#organization"},"potentialAction":[{"@type":"SearchAction","target":{"@type":"EntryPoint","urlTemplate":"https:\/\/demo.cuevano.mx\/altbic\/?s={search_term_string}"},"query-input":{"@type":"PropertyValueSpecification","valueRequired":true,"valueName":"search_term_string"}}],"inLanguage":"es"},{"@type":"Organization","@id":"https:\/\/demo.cuevano.mx\/altbic\/#organization","name":"Altbic","url":"https:\/\/demo.cuevano.mx\/altbic\/","logo":{"@type":"ImageObject","inLanguage":"es","@id":"https:\/\/demo.cuevano.mx\/altbic\/#\/schema\/logo\/image\/","url":"https:\/\/demo.cuevano.mx\/altbic\/wp-content\/uploads\/2023\/09\/cropped-Logo.png","contentUrl":"https:\/\/demo.cuevano.mx\/altbic\/wp-content\/uploads\/2023\/09\/cropped-Logo.png","width":420,"height":136,"caption":"Altbic"},"image":{"@id":"https:\/\/demo.cuevano.mx\/altbic\/#\/schema\/logo\/image\/"},"sameAs":["https:\/\/www.instagram.com\/altbic\/"]}]}},"_links":{"self":[{"href":"https:\/\/demo.cuevano.mx\/altbic\/wp-json\/wp\/v2\/pages\/88922","targetHints":{"allow":["GET"]}}],"collection":[{"href":"https:\/\/demo.cuevano.mx\/altbic\/wp-json\/wp\/v2\/pages"}],"about":[{"href":"https:\/\/demo.cuevano.mx\/altbic\/wp-json\/wp\/v2\/types\/page"}],"author":[{"embeddable":true,"href":"https:\/\/demo.cuevano.mx\/altbic\/wp-json\/wp\/v2\/users\/3"}],"replies":[{"embeddable":true,"href":"https:\/\/demo.cuevano.mx\/altbic\/wp-json\/wp\/v2\/comments?post=88922"}],"version-history":[{"count":34,"href":"https:\/\/demo.cuevano.mx\/altbic\/wp-json\/wp\/v2\/pages\/88922\/revisions"}],"predecessor-version":[{"id":89692,"href":"https:\/\/demo.cuevano.mx\/altbic\/wp-json\/wp\/v2\/pages\/88922\/revisions\/89692"}],"wp:attachment":[{"href":"https:\/\/demo.cuevano.mx\/altbic\/wp-json\/wp\/v2\/media?parent=88922"}],"curies":[{"name":"wp","href":"https:\/\/api.w.org\/{rel}","templated":true}]}}